{"id":2445,"date":"2024-05-27T12:30:25","date_gmt":"2024-05-27T10:30:25","guid":{"rendered":"https:\/\/www.certinergie.be\/immo\/?page_id=2445"},"modified":"2024-10-15T15:35:49","modified_gmt":"2024-10-15T13:35:49","slug":"declaration-de-confidentialite","status":"publish","type":"page","link":"https:\/\/www.certinergie.be\/immo\/fr\/declaration-de-confidentialite\/","title":{"rendered":"D\u00e9claration de confidentialit\u00e9"},"content":{"rendered":"<div id='av_section_1'  class='avia-section av-7ee0ig-d69e67c47efb2e68e88272f8b1b77514 alternate_color avia-section-large avia-no-border-styling  avia-builder-el-0  el_before_av_one_full  avia-builder-el-first  avia-bg-style-scroll container_wrap sidebar_left'  ><div class='container av-section-cont-open' ><main  role=\"main\" itemprop=\"mainContentOfPage\"  class='template-page content  av-content-small units'><div class='post-entry post-entry-type-page post-entry-2445'><div class='entry-content-wrapper clearfix'>\r\n<div  class='flex_column av-5h9sw8-564afc910196fa402a0cbf1e49ec022d av_one_fifth  avia-builder-el-1  el_before_av_three_fifth  avia-builder-el-first  first flex_column_div  '     ><\/div><div  class='flex_column av-4in0mw-44312f47a420c302c41f899a7f4ae6f4 av_three_fifth  avia-builder-el-2  el_after_av_one_fifth  el_before_av_one_fifth  flex_column_div  '     ><style type=\"text\/css\" data-created_by=\"avia_inline_auto\" id=\"style-css-av-lmag3ryb-248be2de8c94fe48fc141ace6838ac80\">\n#top .av-special-heading.av-lmag3ryb-248be2de8c94fe48fc141ace6838ac80{\npadding-bottom:10px;\ncolor:#ffffff;\n}\nbody .av-special-heading.av-lmag3ryb-248be2de8c94fe48fc141ace6838ac80 .av-special-heading-tag .heading-char{\nfont-size:25px;\n}\n.av-special-heading.av-lmag3ryb-248be2de8c94fe48fc141ace6838ac80 .special-heading-inner-border{\nborder-color:#ffffff;\n}\n.av-special-heading.av-lmag3ryb-248be2de8c94fe48fc141ace6838ac80 .av-subheading{\nfont-size:15px;\n}\n<\/style>\n<div  class='av-special-heading av-lmag3ryb-248be2de8c94fe48fc141ace6838ac80 av-special-heading-h1 custom-color-heading blockquote modern-quote modern-centered  avia-builder-el-3  avia-builder-el-no-sibling '><h1 class='av-special-heading-tag '  itemprop=\"headline\"  >D\u00e9claration de confidentialit\u00e9<\/h1><div class=\"special-heading-border\"><div class=\"special-heading-inner-border\"><\/div><\/div><\/div><\/div><div  class='flex_column av-2nj1bs-c82cd257357aeb5540dee4b58727272d av_one_fifth  avia-builder-el-4  el_after_av_three_fifth  avia-builder-el-last  flex_column_div  '     ><\/div>\r\n<\/div><\/div><\/main><!-- close content main element --><\/div><\/div><div id='after_section_1'  class='main_color av_default_container_wrap container_wrap sidebar_left'  ><div class='container av-section-cont-open' ><div class='template-page content  av-content-small units'><div class='post-entry post-entry-type-page post-entry-2445'><div class='entry-content-wrapper clearfix'>\r\n\r\n\n<style type=\"text\/css\" data-created_by=\"avia_inline_auto\" id=\"style-css-av-anybpdb-c45fb9808185a1f36243d16157224d8c\">\n.flex_column.av-anybpdb-c45fb9808185a1f36243d16157224d8c{\nborder-radius:0px 0px 0px 0px;\npadding:0px 0px 0px 0px;\n}\n<\/style>\n<div  class='flex_column av-anybpdb-c45fb9808185a1f36243d16157224d8c av_one_full  avia-builder-el-5  el_after_av_section  avia-builder-el-no-sibling  first flex_column_div av-zero-column-padding  '     ><section  class='av_textblock_section av-5f4xrsf-c72fba69697372918882922133c30dc6 '   itemscope=\"itemscope\" itemtype=\"https:\/\/schema.org\/CreativeWork\" ><div class='avia_textblock'  itemprop=\"text\" ><p style=\"text-align: right;\">Version 2<\/p>\n<p><b>Certinergie se soucie de la transparence : Que faisons-nous avec vos donn\u00e9es \u00e0 caract\u00e8re personnel \u2013 Comment les collectons-nous \u2013 Comment les conservons-nous \u2013 Combien de temps les gardons-nous \u2013 Comment pouvez-vous modifier\/effacer vos donn\u00e9es ?<\/b><\/p>\n<p>Le nom Certinergie peut faire r\u00e9f\u00e9rence \u00e0 une ou plusieurs entit\u00e9s juridiques s\u00e9par\u00e9es et bas\u00e9es dans d\u2019autres pays de l\u2019union Europ\u00e9enne. Le responsable du traitement des donn\u00e9es assurant la collecte et le traitement des informations \u00e0 caract\u00e8re personnel fournies par un visiteur sur Certinergie.be (\u00ab Notre Site \u00bb) est l&rsquo;entreprise membre de Certinergie dans le pays du visiteur ou une autre entreprise membre de Certinergie \u00e0 qui le visiteur a remis ses informations \u00e0 caract\u00e8re personnel.<\/p>\n<p>Cette d\u00e9claration, pr\u00e9cis\u00e9e ci-apr\u00e8s, constitue notre d\u00e9claration de confidentialit\u00e9 pour les entit\u00e9s du groupe Certinergie. Nous y d\u00e9crivons les pratiques que nous observons pour respecter la confidentialit\u00e9 de tous les visiteurs de notre Site.<\/p>\n<p>Dans cette d\u00e9claration, les informations \u00e0 caract\u00e8re personnel font r\u00e9f\u00e9rence aux donn\u00e9es aff\u00e9rentes \u00e0 un individu et qui identifient cet individu, directement ou indirectement, comme le nom ou les coordonn\u00e9es de contact.<\/p>\n<p>Si vous avez la moindre question concernant le traitement de vos informations \u00e0 caract\u00e8re personnel, veuillez contacter GDPR@certinergie.be ou votre interlocuteur habituel chez Certinergie.<\/p>\n<h2>Collecte, utilisation, communication, choix<\/h2>\n<p>Vous n&rsquo;\u00eates pas oblig\u00e9 de vous inscrire pour utiliser le site Internet Certinergie (Notre Site). Si vous ne faites que visiter, nous ne collectons pas d&rsquo;informations \u00e0 caract\u00e8re personnel sur vous, sauf dans une mesure limit\u00e9e, en recourant aux cookies pour les statistiques de Google en vue d&rsquo;am\u00e9liorer les performances de Notre Site et votre exp\u00e9rience de navigation.<\/p>\n<p>Qu&rsquo;est-ce qu&rsquo;un cookie ?<\/p>\n<p>Un \u00ab cookie \u00bb est une technologie permettant \u00e0 Notre Site de conserver dans votre navigateur des informations (un \u00ab identifiant \u00bb) utilis\u00e9es uniquement par Notre Site quand vous le consultez. Les cookies ne sont pas utilis\u00e9s pour d\u00e9terminer l&rsquo;identit\u00e9 personnelle d&rsquo;une personne qui se contente de visiter Notre Site.<\/p>\n<p>Comment d\u00e9sactiver les cookies ?<\/p>\n<p>Si vous ne voulez pas que Notre Site place un cookie, vous pouvez param\u00e9trer votre navigateur de mani\u00e8re \u00e0 \u00eatre inform\u00e9 d\u00e8s que vous recevez un cookie et donc de pouvoir d\u00e9cider de l&rsquo;accepter ou non. Toutefois, sachez que si vous d\u00e9sactivez les \u00ab cookies \u00bb sur votre navigateur, vous ne serez pas pleinement en mesure de profiter de Notre Site. Ainsi, vous ne pourrez pas b\u00e9n\u00e9ficier de la connexion automatique et d&rsquo;autres possibilit\u00e9s de personnalisation.<\/p>\n<p>Lorsque vous consultez\u00a0<a href=\"https:\/\/www.certinergie.be\/fr\/\" target=\"_blank\" rel=\"noopener noreferrer\">www.certinergie.be<\/a>\u00a0et que vous n&rsquo;interagissez pas avec le site pour des services en ligne ou des produits de certinergie, vous naviguez en tout anonymat. Les informations permettant l&rsquo;identification d&rsquo;une personne \u2013 comme le nom, l&rsquo;adresse, le num\u00e9ro de t\u00e9l\u00e9phone et l&rsquo;adresse \u00e9lectronique \u2013 ne sont pas collect\u00e9es lors de la session.<\/p>\n<p>Vous pouvez utiliser le site Internet pour vous inscrire en vue de b\u00e9n\u00e9ficier d&rsquo;un service de Certinergie. Le cas \u00e9ch\u00e9ant, nous adopterons des mesures de s\u00e9curit\u00e9 comme le cryptage \u00e0 l&rsquo;aide de la technologie Secure Sockets Layer (SSL) pour prot\u00e9ger vos informations personnelles.<\/p>\n<p>Malheureusement, aucune transmission de donn\u00e9es sur l&rsquo;Internet ne peut \u00eatre garantie comme \u00e9tant absolument s\u00fbre. Par cons\u00e9quent, en d\u00e9pit de nos efforts, Certinergie ne peut garantir ou assurer la s\u00e9curit\u00e9 des informations que vous nous transf\u00e9rez (trafic entrant), que ce soit vers ou \u00e0 partir de nos services et de nos produits en ligne.<\/p>\n<p>Vous reconnaissez par les pr\u00e9sentes que Certinergie n&rsquo;est en aucun cas responsable des informations intercept\u00e9es envoy\u00e9es par l&rsquo;Internet et nous lib\u00e9rez de toute r\u00e9clamation r\u00e9sultant de ou se rapportant \u00e0 l&rsquo;utilisation d&rsquo;informations intercept\u00e9es de mani\u00e8re illicite.<\/p>\n<p>Sachez que d&rsquo;autres sites Internet qui renvoient vers les Sites Internet ou le courrier \u00e9lectronique de Certinergie peuvent contenir des dispositions en mati\u00e8re de confidentialit\u00e9 diff\u00e9rentes des dispositions de cette D\u00e9claration de confidentialit\u00e9 sur l&rsquo;Internet. Certinergie n&rsquo;exerce aucun contr\u00f4le sur les politiques de confidentialit\u00e9 ou le contenu de ces sites et n&rsquo;en est pas responsable. Pour vous assurer que votre confidentialit\u00e9 est prot\u00e9g\u00e9e, nous vous recommandons d&rsquo;examiner les d\u00e9clarations de confidentialit\u00e9 des autres sites Internet que vous consultez.<\/p>\n<p>Lorsque vous devenez un utilisateur enregistr\u00e9 sur notre site ou que vous choisissez d&rsquo;interagir avec notre site autrement, nous collectons certaines informations \u00e0 caract\u00e8re personnel vous concernant. Le type d&rsquo;informations \u00e0 caract\u00e8re personnel collect\u00e9 variera, mais peut inclure le nom, l&rsquo;adresse, le num\u00e9ro de t\u00e9l\u00e9phone, la date de naissance, les informations de facturation et de livraison, l&rsquo;adresse \u00e9lectronique. Le type de produit ou de service que vous demandez d\u00e9terminera les informations \u00e0 caract\u00e8re personnel collect\u00e9es.<\/p>\n<p>Par exemple, vous pourriez d\u00e9cider de vous inscrire aux :<\/p>\n<ol>\n<li><b>Alertes par courrier \u00e9lectronique<\/b>\u00a0Certinergie propose un service d&rsquo;alerte par courrier \u00e9lectronique pour les visiteurs de son site. Nous envoyons aux abonn\u00e9s des notifications par courrier \u00e9lectronique lorsque de nouvelles informations sont ajout\u00e9es \u00e0 Notre Site.<\/li>\n<li><b>Exprimer son envie de travailler chez Certinergie<\/b>\u00a0Notre Site vous permet d&rsquo;exprimer votre envie de travailler chez nous ou de postuler \u00e0 un poste vacant.<\/li>\n<li><b>Portail pour la client\u00e8le de Certinergie<\/b>\u00a0Vous avez re\u00e7u de votre contact chez Certinergie des droits d&rsquo;acc\u00e8s au Portail pour la client\u00e8le de Certinergie.<\/li>\n<\/ol>\n<p>Si vous vous inscrivez sur Notre Site, vos informations \u00e0 caract\u00e8re personnel seront enregistr\u00e9es dans notre syst\u00e8me de gestion des relations avec la client\u00e8le (CRM). Les donn\u00e9es des personnes inscrites qui ne sont plus actives depuis 18 mois et qui n&rsquo;ont pas de relation contractuelle seront effac\u00e9es de notre syst\u00e8me CRM.<\/p>\n<h2>Cat\u00e9gories sp\u00e9ciales de donn\u00e9es \u00e0 caract\u00e8re personnel<\/h2>\n<p>Certinergie ne collecte pas de cat\u00e9gories sp\u00e9ciales de donn\u00e9es \u00e0 caract\u00e8re personnel (informations \u00e0 caract\u00e8re personnel sensibles) sur Notre Site.<\/p>\n<h2>S\u00e9curit\u00e9<\/h2>\n<p>Certinergie \u0153uvre \u00e0 la protection de la confidentialit\u00e9 et de la s\u00e9curit\u00e9 des informations qu&rsquo;il obtient dans le cadre de ses activit\u00e9s. L&rsquo;acc\u00e8s \u00e0 de telles informations est limit\u00e9 et des politiques et proc\u00e9dures sont en place pour pr\u00e9server les informations de toute perte, utilisation \u00e0 mauvais escient et communication abusive.<\/p>\n<h2>Communication<\/h2>\n<p>Certinergie peut uniquement communiquer vos informations \u00e0 caract\u00e8re personnel en dehors de Certinergie :<\/p>\n<ul>\n<li>Si la communication est n\u00e9cessaire pour honorer votre demande et implique un tiers avec lequel Certinergie dispose d&rsquo;un contrat.<\/li>\n<li>Lorsque le visiteur du site le demande explicitement.<\/li>\n<li>Si Certinergie doit les communiquer en vertu d&rsquo;un ordre judiciaire ou d&rsquo;une autre exigence l\u00e9gale ou r\u00e9glementaire.<\/li>\n<li>Certinergie peut faire appel \u00e0 des prestataires de services externes pour fournir un soutien, par exemple, pour les technologies de l&rsquo;information et d&rsquo;autres services de support administratif pour exploiter Notre Site.<\/li>\n<\/ul>\n<h2>Contr\u00f4ler vos informations \u00e0 caract\u00e8re personnel<\/h2>\n<p>Certinergie ne collecte ni ne compile les informations \u00e0 caract\u00e8re personnel r\u00e9colt\u00e9es par Notre Site pour les diffuser ou les vendre \u00e0 des tiers \u00e0 des fins de prospection ou d&rsquo;exp\u00e9dition de courriers \u00e9lectroniques au b\u00e9n\u00e9fice de tiers.<\/p>\n<p>La loi vous autorise \u00e0 demander des informations sur les informations \u00e0 caract\u00e8re personnel que nous d\u00e9tenons sur vous. Certinergie vous donne la possibilit\u00e9 de veiller \u00e0 ce que vos informations \u00e0 caract\u00e8re personnel soient pr\u00e9cises et \u00e0 jour. Si, \u00e0 un moment, vous souhaitez que Certinergie rectifie, efface ou limite le traitement de vos informations \u00e0 caract\u00e8re personnel, ou si vous souhaitez obtenir une confirmation pour savoir si Certinergie traite ou non des informations \u00e0 caract\u00e8re personnel vous concernant, ou acc\u00e9der \u00e0 vos informations \u00e0 caract\u00e8re personnel, exercer votre droit de portabilit\u00e9 des donn\u00e9es ou retirer votre consentement pour le traitement, veuillez contacter GDPR@certinergie.be.<\/p>\n<h2>Enfants<\/h2>\n<p>Ce site Internet n&rsquo;est pas destin\u00e9 \u00e0 \u00eatre utilis\u00e9 par des enfants. Nous sommes conscients de l&rsquo;importance de la protection des informations sur les enfants, tout particuli\u00e8rement dans un environnement en ligne, et nous ne collectons pas ni ne conservons d\u00e9lib\u00e9r\u00e9ment des informations sur des enfants.<\/p>\n<h2>Changements apport\u00e9s \u00e0 cette d\u00e9claration de confidentialit\u00e9<\/h2>\n<p>Certinergie peut modifier cette d\u00e9claration de confidentialit\u00e9 au besoin. Si des changements sont apport\u00e9s \u00e0 la d\u00e9claration, veuillez noter que la mise en \u0153uvre des nouvelles pratiques de confidentialit\u00e9 peut prendre jusqu&rsquo;\u00e0 30 jours ouvrables. Veuillez consulter cette page r\u00e9guli\u00e8rement si vous souhaitez suivre les changements.<\/p>\n<h2>Se d\u00e9sabonner<\/h2>\n<p>Certinergie vous offre plusieurs possibilit\u00e9s concernant la collecte et l&rsquo;utilisation de vos informations \u00e0 caract\u00e8re personnel. Si vous vous \u00eates abonn\u00e9 pour obtenir des informations de Certinergie sur certinergie.be et si vous ne souhaitez plus recevoir de courriers \u00e9lectroniques, veuillez consulter notre page Se d\u00e9sabonner sur l&rsquo;application o\u00f9 vous vous \u00eates inscrit.<\/p>\n<h2>Droits de la personne concern\u00e9e:<\/h2>\n<p>Les personnes dont les donn\u00e9es \u00e0 caract\u00e8re personnel sont conserv\u00e9es s&rsquo;appellent les personnes concern\u00e9es. Certinergie respecte pleinement le r\u00e8glement g\u00e9n\u00e9ral de protection des donn\u00e9es et les personnes concern\u00e9es peuvent exercer les droits suivants :<\/p>\n<ol>\n<li><b>Droit d&rsquo;acc\u00e8s de la personne.<\/b>\u00a0Une personne concern\u00e9e a le droit de recevoir ses donn\u00e9es \u00e0 caract\u00e8re personnel aupr\u00e8s d&rsquo;un responsable du traitement. Le responsable du traitement des donn\u00e9es peut facturer cette activit\u00e9 (g\u00e9n\u00e9ralement, environ 10 \u20ac).<\/li>\n<li><b>Droit de correction.<\/b>\u00a0Une personne concern\u00e9e peut forcer un responsable du traitement des donn\u00e9es \u00e0 corriger toute erreur dans les donn\u00e9es qui la concernent.<\/li>\n<li><b>Droit \u00e0 l&rsquo;oubli.<\/b>\u00a0Une personne concern\u00e9e peut emp\u00eacher l&rsquo;utilisation d&rsquo;informations (effacement) si celles-ci risquent de lui \u00eatre nuisibles. Sauf lorsque la loi exige que ces informations soient conserv\u00e9es.<\/li>\n<li><b>Droit \u00e0 emp\u00eacher la prospection directe.<\/b>\u00a0Une personne concern\u00e9e peut emp\u00eacher que ses donn\u00e9es soient utilis\u00e9es pour lui vendre des choses (p. ex. envoi de courriers ind\u00e9sirables ou appels \u00e0 l&rsquo;improviste.)<\/li>\n<li><b>Droit d&#8217;emp\u00eacher les d\u00e9cisions automatiques.<\/b>\u00a0Une personne concern\u00e9e peut pr\u00e9ciser qu&rsquo;elle ne veut pas qu&rsquo;un utilisateur de donn\u00e9es prenne des d\u00e9cisions \u00ab automatis\u00e9es \u00bb sur elle ; par exemple, quand un ordinateur d\u00e9cide, sur la base d&rsquo;une allocation de points, d&rsquo;octroyer ou non un pr\u00eat.<\/li>\n<li><b>Droit de demander la portabilit\u00e9 des donn\u00e9es.<\/b>\u00a0Une personne concern\u00e9e peut demander \u00e0 Certinergie de lui fournir ses donn\u00e9es \u00e0 caract\u00e8re personnel dans un format num\u00e9rique lisible (notamment pour \u00eatre utilis\u00e9es par d&rsquo;autres fournisseurs). Le responsable du traitement des donn\u00e9es peut facturer cette activit\u00e9 (g\u00e9n\u00e9ralement, environ 10 \u20ac).<\/li>\n<\/ol>\n<\/div><\/section><\/div>","protected":false},"excerpt":{"rendered":"","protected":false},"author":1,"featured_media":0,"parent":0,"menu_order":0,"comment_status":"closed","ping_status":"closed","template":"","meta":{"inline_featured_image":false,"footnotes":""},"class_list":["post-2445","page","type-page","status-publish","hentry"],"yoast_head":"<!-- This site is optimized with the Yoast SEO plugin v27.3 - https:\/\/yoast.com\/product\/yoast-seo-wordpress\/ -->\n<title>D\u00e9claration de confidentialit\u00e9 - Certinergie - Immobilier<\/title>\n<meta name=\"description\" content=\"La d\u00e9claration de confidentialit\u00e9 de Certinergie Immo\" \/>\n<meta name=\"robots\" content=\"index, follow, max-snippet:-1, max-image-preview:large, max-video-preview:-1\" \/>\n<link rel=\"canonical\" href=\"https:\/\/www.certinergie.be\/immo\/fr\/declaration-de-confidentialite\/\" \/>\n<meta property=\"og:locale\" content=\"fr_FR\" \/>\n<meta property=\"og:type\" content=\"article\" \/>\n<meta property=\"og:title\" content=\"D\u00e9claration de confidentialit\u00e9 - Certinergie - Immobilier\" \/>\n<meta property=\"og:description\" content=\"La d\u00e9claration de confidentialit\u00e9 de Certinergie Immo\" \/>\n<meta property=\"og:url\" content=\"https:\/\/www.certinergie.be\/immo\/fr\/declaration-de-confidentialite\/\" \/>\n<meta property=\"og:site_name\" content=\"Certinergie - Immobilier\" \/>\n<meta property=\"article:publisher\" content=\"https:\/\/www.facebook.com\/certinergie.immo\" \/>\n<meta property=\"article:modified_time\" content=\"2024-10-15T13:35:49+00:00\" \/>\n<meta property=\"og:image\" content=\"https:\/\/www.certinergie.be\/immo\/wp-content\/uploads\/sites\/2\/2024\/05\/marques_header_immo.jpg\" \/>\n\t<meta property=\"og:image:width\" content=\"845\" \/>\n\t<meta property=\"og:image:height\" content=\"245\" \/>\n\t<meta property=\"og:image:type\" content=\"image\/jpeg\" \/>\n<meta name=\"twitter:card\" content=\"summary_large_image\" \/>\n<meta name=\"twitter:label1\" content=\"Dur\u00e9e de lecture estim\u00e9e\" \/>\n\t<meta name=\"twitter:data1\" content=\"9 minutes\" \/>\n<script type=\"application\/ld+json\" class=\"yoast-schema-graph\">{\"@context\":\"https:\\\/\\\/schema.org\",\"@graph\":[{\"@type\":\"WebPage\",\"@id\":\"https:\\\/\\\/www.certinergie.be\\\/immo\\\/fr\\\/declaration-de-confidentialite\\\/\",\"url\":\"https:\\\/\\\/www.certinergie.be\\\/immo\\\/fr\\\/declaration-de-confidentialite\\\/\",\"name\":\"D\u00e9claration de confidentialit\u00e9 - Certinergie - Immobilier\",\"isPartOf\":{\"@id\":\"https:\\\/\\\/www.certinergie.be\\\/immo\\\/#website\"},\"datePublished\":\"2024-05-27T10:30:25+00:00\",\"dateModified\":\"2024-10-15T13:35:49+00:00\",\"description\":\"La d\u00e9claration de confidentialit\u00e9 de Certinergie Immo\",\"breadcrumb\":{\"@id\":\"https:\\\/\\\/www.certinergie.be\\\/immo\\\/fr\\\/declaration-de-confidentialite\\\/#breadcrumb\"},\"inLanguage\":\"fr-FR\",\"potentialAction\":[{\"@type\":\"ReadAction\",\"target\":[\"https:\\\/\\\/www.certinergie.be\\\/immo\\\/fr\\\/declaration-de-confidentialite\\\/\"]}]},{\"@type\":\"BreadcrumbList\",\"@id\":\"https:\\\/\\\/www.certinergie.be\\\/immo\\\/fr\\\/declaration-de-confidentialite\\\/#breadcrumb\",\"itemListElement\":[{\"@type\":\"ListItem\",\"position\":1,\"name\":\"Accueil\",\"item\":\"https:\\\/\\\/www.certinergie.be\\\/immo\\\/fr\\\/\"},{\"@type\":\"ListItem\",\"position\":2,\"name\":\"D\u00e9claration de confidentialit\u00e9\"}]},{\"@type\":\"WebSite\",\"@id\":\"https:\\\/\\\/www.certinergie.be\\\/immo\\\/#website\",\"url\":\"https:\\\/\\\/www.certinergie.be\\\/immo\\\/\",\"name\":\"Certinergie - Immobilier\",\"description\":\"Une toute nouvelle offre de services d\u00e9di\u00e9e aux professionnels de l\u2019immobilier. Vision, offre, approche \u2026 D\u00e9couvrez maintenant l\u2019\u00e9tendue de nos nouveaux services.\",\"publisher\":{\"@id\":\"https:\\\/\\\/www.certinergie.be\\\/immo\\\/#organization\"},\"potentialAction\":[{\"@type\":\"SearchAction\",\"target\":{\"@type\":\"EntryPoint\",\"urlTemplate\":\"https:\\\/\\\/www.certinergie.be\\\/immo\\\/?s={search_term_string}\"},\"query-input\":{\"@type\":\"PropertyValueSpecification\",\"valueRequired\":true,\"valueName\":\"search_term_string\"}}],\"inLanguage\":\"fr-FR\"},{\"@type\":\"Organization\",\"@id\":\"https:\\\/\\\/www.certinergie.be\\\/immo\\\/#organization\",\"name\":\"Certinergie Immo\",\"url\":\"https:\\\/\\\/www.certinergie.be\\\/immo\\\/\",\"logo\":{\"@type\":\"ImageObject\",\"inLanguage\":\"fr-FR\",\"@id\":\"https:\\\/\\\/www.certinergie.be\\\/immo\\\/#\\\/schema\\\/logo\\\/image\\\/\",\"url\":\"https:\\\/\\\/www.certinergie.be\\\/immo\\\/wp-content\\\/uploads\\\/sites\\\/2\\\/2024\\\/05\\\/certinergie-Immo.svg\",\"contentUrl\":\"https:\\\/\\\/www.certinergie.be\\\/immo\\\/wp-content\\\/uploads\\\/sites\\\/2\\\/2024\\\/05\\\/certinergie-Immo.svg\",\"width\":\"1030\",\"height\":\"1030\",\"caption\":\"Certinergie Immo\"},\"image\":{\"@id\":\"https:\\\/\\\/www.certinergie.be\\\/immo\\\/#\\\/schema\\\/logo\\\/image\\\/\"},\"sameAs\":[\"https:\\\/\\\/www.facebook.com\\\/certinergie.immo\",\"https:\\\/\\\/www.linkedin.com\\\/company\\\/certinergie-immo\",\"https:\\\/\\\/www.instagram.com\\\/certinergie.immo\\\/\"]}]}<\/script>\n<!-- \/ Yoast SEO plugin. -->","yoast_head_json":{"title":"D\u00e9claration de confidentialit\u00e9 - Certinergie - Immobilier","description":"La d\u00e9claration de confidentialit\u00e9 de Certinergie Immo","robots":{"index":"index","follow":"follow","max-snippet":"max-snippet:-1","max-image-preview":"max-image-preview:large","max-video-preview":"max-video-preview:-1"},"canonical":"https:\/\/www.certinergie.be\/immo\/fr\/declaration-de-confidentialite\/","og_locale":"fr_FR","og_type":"article","og_title":"D\u00e9claration de confidentialit\u00e9 - Certinergie - Immobilier","og_description":"La d\u00e9claration de confidentialit\u00e9 de Certinergie Immo","og_url":"https:\/\/www.certinergie.be\/immo\/fr\/declaration-de-confidentialite\/","og_site_name":"Certinergie - Immobilier","article_publisher":"https:\/\/www.facebook.com\/certinergie.immo","article_modified_time":"2024-10-15T13:35:49+00:00","og_image":[{"width":845,"height":245,"url":"https:\/\/www.certinergie.be\/immo\/wp-content\/uploads\/sites\/2\/2024\/05\/marques_header_immo.jpg","type":"image\/jpeg"}],"twitter_card":"summary_large_image","twitter_misc":{"Dur\u00e9e de lecture estim\u00e9e":"9 minutes"},"schema":{"@context":"https:\/\/schema.org","@graph":[{"@type":"WebPage","@id":"https:\/\/www.certinergie.be\/immo\/fr\/declaration-de-confidentialite\/","url":"https:\/\/www.certinergie.be\/immo\/fr\/declaration-de-confidentialite\/","name":"D\u00e9claration de confidentialit\u00e9 - Certinergie - Immobilier","isPartOf":{"@id":"https:\/\/www.certinergie.be\/immo\/#website"},"datePublished":"2024-05-27T10:30:25+00:00","dateModified":"2024-10-15T13:35:49+00:00","description":"La d\u00e9claration de confidentialit\u00e9 de Certinergie Immo","breadcrumb":{"@id":"https:\/\/www.certinergie.be\/immo\/fr\/declaration-de-confidentialite\/#breadcrumb"},"inLanguage":"fr-FR","potentialAction":[{"@type":"ReadAction","target":["https:\/\/www.certinergie.be\/immo\/fr\/declaration-de-confidentialite\/"]}]},{"@type":"BreadcrumbList","@id":"https:\/\/www.certinergie.be\/immo\/fr\/declaration-de-confidentialite\/#breadcrumb","itemListElement":[{"@type":"ListItem","position":1,"name":"Accueil","item":"https:\/\/www.certinergie.be\/immo\/fr\/"},{"@type":"ListItem","position":2,"name":"D\u00e9claration de confidentialit\u00e9"}]},{"@type":"WebSite","@id":"https:\/\/www.certinergie.be\/immo\/#website","url":"https:\/\/www.certinergie.be\/immo\/","name":"Certinergie - Immobilier","description":"Une toute nouvelle offre de services d\u00e9di\u00e9e aux professionnels de l\u2019immobilier. Vision, offre, approche \u2026 D\u00e9couvrez maintenant l\u2019\u00e9tendue de nos nouveaux services.","publisher":{"@id":"https:\/\/www.certinergie.be\/immo\/#organization"},"potentialAction":[{"@type":"SearchAction","target":{"@type":"EntryPoint","urlTemplate":"https:\/\/www.certinergie.be\/immo\/?s={search_term_string}"},"query-input":{"@type":"PropertyValueSpecification","valueRequired":true,"valueName":"search_term_string"}}],"inLanguage":"fr-FR"},{"@type":"Organization","@id":"https:\/\/www.certinergie.be\/immo\/#organization","name":"Certinergie Immo","url":"https:\/\/www.certinergie.be\/immo\/","logo":{"@type":"ImageObject","inLanguage":"fr-FR","@id":"https:\/\/www.certinergie.be\/immo\/#\/schema\/logo\/image\/","url":"https:\/\/www.certinergie.be\/immo\/wp-content\/uploads\/sites\/2\/2024\/05\/certinergie-Immo.svg","contentUrl":"https:\/\/www.certinergie.be\/immo\/wp-content\/uploads\/sites\/2\/2024\/05\/certinergie-Immo.svg","width":"1030","height":"1030","caption":"Certinergie Immo"},"image":{"@id":"https:\/\/www.certinergie.be\/immo\/#\/schema\/logo\/image\/"},"sameAs":["https:\/\/www.facebook.com\/certinergie.immo","https:\/\/www.linkedin.com\/company\/certinergie-immo","https:\/\/www.instagram.com\/certinergie.immo\/"]}]}},"_links":{"self":[{"href":"https:\/\/www.certinergie.be\/immo\/wp-json\/wp\/v2\/pages\/2445","targetHints":{"allow":["GET"]}}],"collection":[{"href":"https:\/\/www.certinergie.be\/immo\/wp-json\/wp\/v2\/pages"}],"about":[{"href":"https:\/\/www.certinergie.be\/immo\/wp-json\/wp\/v2\/types\/page"}],"author":[{"embeddable":true,"href":"https:\/\/www.certinergie.be\/immo\/wp-json\/wp\/v2\/users\/1"}],"replies":[{"embeddable":true,"href":"https:\/\/www.certinergie.be\/immo\/wp-json\/wp\/v2\/comments?post=2445"}],"version-history":[{"count":4,"href":"https:\/\/www.certinergie.be\/immo\/wp-json\/wp\/v2\/pages\/2445\/revisions"}],"predecessor-version":[{"id":2807,"href":"https:\/\/www.certinergie.be\/immo\/wp-json\/wp\/v2\/pages\/2445\/revisions\/2807"}],"wp:attachment":[{"href":"https:\/\/www.certinergie.be\/immo\/wp-json\/wp\/v2\/media?parent=2445"}],"curies":[{"name":"wp","href":"https:\/\/api.w.org\/{rel}","templated":true}]}}