{"id":1752,"date":"2021-09-09T11:53:18","date_gmt":"2021-09-09T09:53:18","guid":{"rendered":"https:\/\/www.be-check.be\/?page_id=1752"},"modified":"2025-03-27T16:00:36","modified_gmt":"2025-03-27T15:00:36","slug":"liens-utiles","status":"publish","type":"page","link":"https:\/\/www.certinergie.be\/pro\/liens-utiles\/","title":{"rendered":"Liens utiles"},"content":{"rendered":"\n<h1 class=\"wp-block-heading\">Liens utiles<\/h1>\n\n\n\n<ul class=\"wp-block-list\">\n<li><a href=\"https:\/\/www.certinergie.be\/\" target=\"_blank\" rel=\"noreferrer noopener\">Certinergie.be<\/a><\/li>\n\n\n\n<li><a href=\"https:\/\/www.certinergie.lu\/\" target=\"_blank\" rel=\"noreferrer noopener\">Certinergie.lu<\/a><\/li>\n\n\n\n<li><a href=\"https:\/\/www.greenfish-energy.eu\/\" target=\"_blank\" rel=\"noreferrer noopener\">Greenfish<\/a><\/li>\n\n\n\n<li><a href=\"http:\/\/organisme-controle-agree.be\/\" target=\"_blank\" rel=\"noreferrer noopener\">Organismes de contr\u00f4les agr\u00e9\u00e9s<\/a><\/li>\n\n\n\n<li><a href=\"http:\/\/www.notaire-lambrechts.be\" target=\"_blank\" rel=\"noreferrer noopener\">Notaire Lambrechts<\/a><\/li>\n\n\n\n<li><a href=\"https:\/\/www.certinergie.be\/pro\" target=\"_blank\" rel=\"noreferrer noopener\">Certinergie<\/a><\/li>\n\n\n\n<li><a href=\"https:\/\/www.tank-check.be\" target=\"_blank\" rel=\"noreferrer noopener\">Tank Check<\/a><\/li>\n\n\n\n<li><a href=\"https:\/\/www.green-check.be\" target=\"_blank\" rel=\"noreferrer noopener\">Green Check<\/a><\/li>\n\n\n\n<li><a href=\"https:\/\/www.certinergie.be\/immo\/\" target=\"_blank\" rel=\"noreferrer noopener\">Certinergie.immo: Simplifiez-vous la vente<\/a><\/li>\n\n\n\n<li><a href=\"https:\/\/www.whynot.immo\/\" target=\"_blank\" rel=\"noopener noreferrer\">whynot.immo<\/a><\/li>\n\n\n\n<li><a href=\"https:\/\/bypro.immo\/\" target=\"_blank\" rel=\"noopener noreferrer\">bypro.immo<\/a><\/li>\n<\/ul>\n","protected":false},"excerpt":{"rendered":"<p>Liens utiles<\/p>\n","protected":false},"author":1,"featured_media":0,"parent":0,"menu_order":0,"comment_status":"closed","ping_status":"closed","template":"","meta":{"inline_featured_image":false,"footnotes":""},"class_list":["post-1752","page","type-page","status-publish","hentry"],"yoast_head":"<!-- This site is optimized with the Yoast SEO plugin v27.2 - https:\/\/yoast.com\/product\/yoast-seo-wordpress\/ -->\n<title>Liens utiles - Certinergie - Entreprises et secteur public<\/title>\n<meta name=\"robots\" content=\"index, follow, max-snippet:-1, max-image-preview:large, max-video-preview:-1\" \/>\n<link rel=\"canonical\" href=\"https:\/\/www.certinergie.be\/pro\/liens-utiles\/\" \/>\n<meta property=\"og:locale\" content=\"fr_FR\" \/>\n<meta property=\"og:type\" content=\"article\" \/>\n<meta property=\"og:title\" content=\"Liens utiles - Certinergie - Entreprises et secteur public\" \/>\n<meta property=\"og:description\" content=\"Liens utiles\" \/>\n<meta property=\"og:url\" content=\"https:\/\/www.certinergie.be\/pro\/liens-utiles\/\" \/>\n<meta property=\"og:site_name\" content=\"Certinergie - Entreprises et secteur public\" \/>\n<meta property=\"article:modified_time\" content=\"2025-03-27T15:00:36+00:00\" \/>\n<meta name=\"twitter:card\" content=\"summary_large_image\" \/>\n<meta name=\"twitter:label1\" content=\"Dur\u00e9e de lecture estim\u00e9e\" \/>\n\t<meta name=\"twitter:data1\" content=\"1 minute\" \/>\n<script type=\"application\/ld+json\" class=\"yoast-schema-graph\">{\"@context\":\"https:\/\/schema.org\",\"@graph\":[{\"@type\":\"WebPage\",\"@id\":\"https:\/\/www.certinergie.be\/pro\/liens-utiles\/\",\"url\":\"https:\/\/www.certinergie.be\/pro\/liens-utiles\/\",\"name\":\"Liens utiles - Certinergie - Entreprises et secteur public\",\"isPartOf\":{\"@id\":\"https:\/\/www.certinergie.be\/pro\/#website\"},\"datePublished\":\"2021-09-09T09:53:18+00:00\",\"dateModified\":\"2025-03-27T15:00:36+00:00\",\"breadcrumb\":{\"@id\":\"https:\/\/www.certinergie.be\/pro\/liens-utiles\/#breadcrumb\"},\"inLanguage\":\"fr-FR\",\"potentialAction\":[{\"@type\":\"ReadAction\",\"target\":[\"https:\/\/www.certinergie.be\/pro\/liens-utiles\/\"]}]},{\"@type\":\"BreadcrumbList\",\"@id\":\"https:\/\/www.certinergie.be\/pro\/liens-utiles\/#breadcrumb\",\"itemListElement\":[{\"@type\":\"ListItem\",\"position\":1,\"name\":\"Accueil\",\"item\":\"https:\/\/www.certinergie.be\/pro\/home\/\"},{\"@type\":\"ListItem\",\"position\":2,\"name\":\"Liens utiles\"}]},{\"@type\":\"WebSite\",\"@id\":\"https:\/\/www.certinergie.be\/pro\/#website\",\"url\":\"https:\/\/www.certinergie.be\/pro\/\",\"name\":\"Certinergie - Entreprises et secteur public\",\"description\":\"\",\"publisher\":{\"@id\":\"https:\/\/www.certinergie.be\/pro\/#organization\"},\"potentialAction\":[{\"@type\":\"SearchAction\",\"target\":{\"@type\":\"EntryPoint\",\"urlTemplate\":\"https:\/\/www.certinergie.be\/pro\/?s={search_term_string}\"},\"query-input\":{\"@type\":\"PropertyValueSpecification\",\"valueRequired\":true,\"valueName\":\"search_term_string\"}}],\"inLanguage\":\"fr-FR\"},{\"@type\":\"Organization\",\"@id\":\"https:\/\/www.certinergie.be\/pro\/#organization\",\"name\":\"Certinergie - Entreprises et secteur public\",\"url\":\"https:\/\/www.certinergie.be\/pro\/\",\"logo\":{\"@type\":\"ImageObject\",\"inLanguage\":\"fr-FR\",\"@id\":\"https:\/\/www.certinergie.be\/pro\/#\/schema\/logo\/image\/\",\"url\":\"https:\/\/www.certinergie.be\/pro\/wp-content\/uploads\/sites\/3\/2024\/10\/certinergie-pro-1.png\",\"contentUrl\":\"https:\/\/www.certinergie.be\/pro\/wp-content\/uploads\/sites\/3\/2024\/10\/certinergie-pro-1.png\",\"width\":170,\"height\":53,\"caption\":\"Certinergie - Entreprises et secteur public\"},\"image\":{\"@id\":\"https:\/\/www.certinergie.be\/pro\/#\/schema\/logo\/image\/\"}}]}<\/script>\n<!-- \/ Yoast SEO plugin. -->","yoast_head_json":{"title":"Liens utiles - Certinergie - Entreprises et secteur public","robots":{"index":"index","follow":"follow","max-snippet":"max-snippet:-1","max-image-preview":"max-image-preview:large","max-video-preview":"max-video-preview:-1"},"canonical":"https:\/\/www.certinergie.be\/pro\/liens-utiles\/","og_locale":"fr_FR","og_type":"article","og_title":"Liens utiles - Certinergie - Entreprises et secteur public","og_description":"Liens utiles","og_url":"https:\/\/www.certinergie.be\/pro\/liens-utiles\/","og_site_name":"Certinergie - Entreprises et secteur public","article_modified_time":"2025-03-27T15:00:36+00:00","twitter_card":"summary_large_image","twitter_misc":{"Dur\u00e9e de lecture estim\u00e9e":"1 minute"},"schema":{"@context":"https:\/\/schema.org","@graph":[{"@type":"WebPage","@id":"https:\/\/www.certinergie.be\/pro\/liens-utiles\/","url":"https:\/\/www.certinergie.be\/pro\/liens-utiles\/","name":"Liens utiles - Certinergie - Entreprises et secteur public","isPartOf":{"@id":"https:\/\/www.certinergie.be\/pro\/#website"},"datePublished":"2021-09-09T09:53:18+00:00","dateModified":"2025-03-27T15:00:36+00:00","breadcrumb":{"@id":"https:\/\/www.certinergie.be\/pro\/liens-utiles\/#breadcrumb"},"inLanguage":"fr-FR","potentialAction":[{"@type":"ReadAction","target":["https:\/\/www.certinergie.be\/pro\/liens-utiles\/"]}]},{"@type":"BreadcrumbList","@id":"https:\/\/www.certinergie.be\/pro\/liens-utiles\/#breadcrumb","itemListElement":[{"@type":"ListItem","position":1,"name":"Accueil","item":"https:\/\/www.certinergie.be\/pro\/home\/"},{"@type":"ListItem","position":2,"name":"Liens utiles"}]},{"@type":"WebSite","@id":"https:\/\/www.certinergie.be\/pro\/#website","url":"https:\/\/www.certinergie.be\/pro\/","name":"Certinergie - Entreprises et secteur public","description":"","publisher":{"@id":"https:\/\/www.certinergie.be\/pro\/#organization"},"potentialAction":[{"@type":"SearchAction","target":{"@type":"EntryPoint","urlTemplate":"https:\/\/www.certinergie.be\/pro\/?s={search_term_string}"},"query-input":{"@type":"PropertyValueSpecification","valueRequired":true,"valueName":"search_term_string"}}],"inLanguage":"fr-FR"},{"@type":"Organization","@id":"https:\/\/www.certinergie.be\/pro\/#organization","name":"Certinergie - Entreprises et secteur public","url":"https:\/\/www.certinergie.be\/pro\/","logo":{"@type":"ImageObject","inLanguage":"fr-FR","@id":"https:\/\/www.certinergie.be\/pro\/#\/schema\/logo\/image\/","url":"https:\/\/www.certinergie.be\/pro\/wp-content\/uploads\/sites\/3\/2024\/10\/certinergie-pro-1.png","contentUrl":"https:\/\/www.certinergie.be\/pro\/wp-content\/uploads\/sites\/3\/2024\/10\/certinergie-pro-1.png","width":170,"height":53,"caption":"Certinergie - Entreprises et secteur public"},"image":{"@id":"https:\/\/www.certinergie.be\/pro\/#\/schema\/logo\/image\/"}}]}},"_links":{"self":[{"href":"https:\/\/www.certinergie.be\/pro\/wp-json\/wp\/v2\/pages\/1752","targetHints":{"allow":["GET"]}}],"collection":[{"href":"https:\/\/www.certinergie.be\/pro\/wp-json\/wp\/v2\/pages"}],"about":[{"href":"https:\/\/www.certinergie.be\/pro\/wp-json\/wp\/v2\/types\/page"}],"author":[{"embeddable":true,"href":"https:\/\/www.certinergie.be\/pro\/wp-json\/wp\/v2\/users\/1"}],"replies":[{"embeddable":true,"href":"https:\/\/www.certinergie.be\/pro\/wp-json\/wp\/v2\/comments?post=1752"}],"version-history":[{"count":1,"href":"https:\/\/www.certinergie.be\/pro\/wp-json\/wp\/v2\/pages\/1752\/revisions"}],"predecessor-version":[{"id":6655,"href":"https:\/\/www.certinergie.be\/pro\/wp-json\/wp\/v2\/pages\/1752\/revisions\/6655"}],"wp:attachment":[{"href":"https:\/\/www.certinergie.be\/pro\/wp-json\/wp\/v2\/media?parent=1752"}],"curies":[{"name":"wp","href":"https:\/\/api.w.org\/{rel}","templated":true}]}}