{"id":3700,"date":"2023-06-26T15:20:51","date_gmt":"2023-06-26T13:20:51","guid":{"rendered":"https:\/\/www.be-check.be\/?page_id=3700"},"modified":"2024-12-13T09:55:33","modified_gmt":"2024-12-13T08:55:33","slug":"creez-votre-compte","status":"publish","type":"page","link":"https:\/\/www.certinergie.be\/pro\/creez-votre-compte\/","title":{"rendered":"Cr\u00e9ez votre compte"},"content":{"rendered":"<div id='av_section_1'  class='avia-section av-dbrdg-8995148f35857b4b78bbd49a71d2b798 main_color avia-section-default avia-no-border-styling  avia-builder-el-0  avia-builder-el-no-sibling  avia-bg-style-scroll container_wrap sidebar_right'  ><div class='container av-section-cont-open' ><main  role=\"main\" itemprop=\"mainContentOfPage\"  class='template-page content  av-content-small alpha units'><div class='post-entry post-entry-type-page post-entry-3700'><div class='entry-content-wrapper clearfix'>\n<div  class='flex_column av-av_one_full-cab6cb91e42b24d4f503cdabdc5ed6e0 av_one_full  avia-builder-el-1  el_before_av_one_full  avia-builder-el-first  first flex_column_div  '     ><p>\n<style type=\"text\/css\" data-created_by=\"avia_inline_auto\" id=\"style-css-av-m2n3fxz1-8f8bd31091d81e2b417df2f6057280c0\">\n#top .av-special-heading.av-m2n3fxz1-8f8bd31091d81e2b417df2f6057280c0{\npadding-bottom:10px;\n}\nbody .av-special-heading.av-m2n3fxz1-8f8bd31091d81e2b417df2f6057280c0 .av-special-heading-tag .heading-char{\nfont-size:25px;\n}\n.av-special-heading.av-m2n3fxz1-8f8bd31091d81e2b417df2f6057280c0 .av-subheading{\nfont-size:15px;\n}\n<\/style>\n<div  class='av-special-heading av-m2n3fxz1-8f8bd31091d81e2b417df2f6057280c0 av-special-heading-h1  avia-builder-el-2  el_before_av_textblock  avia-builder-el-first '><h1 class='av-special-heading-tag '  itemprop=\"headline\"  >Cr\u00e9ez votre compte professionnel d\u00e8s maintenant !<\/h1><div class=\"special-heading-border\"><div class=\"special-heading-inner-border\"><\/div><\/div><\/div><br \/>\n<section  class='av_textblock_section av-m4mij2rw-1ce5d9c509de7f90693555ece57e658c '   itemscope=\"itemscope\" itemtype=\"https:\/\/schema.org\/CreativeWork\" ><div class='avia_textblock'  itemprop=\"text\" ><p>Vous \u00eates un professionnel de l&rsquo;immobilier, un installateur ou un acteur cl\u00e9 du secteur n\u00e9cessitant des contr\u00f4les r\u00e9currents ?<br \/>\nCertinergie vous propose des solutions adapt\u00e9es \u00e0 vos besoins sp\u00e9cifiques.<\/p>\n<p>B\u00e9n\u00e9ficiez de nombreux avantages :<\/p>\n<ul>\n<li><strong>Tarifs pr\u00e9f\u00e9rentiels<\/strong> pour nos services.<\/li>\n<li><strong>D\u00e9lais de traitement sur mesure<\/strong> pour vos urgences.<\/li>\n<li><strong>Un interlocuteur d\u00e9di\u00e9<\/strong> pour vous accompagner dans vos d\u00e9marches.<\/li>\n<\/ul>\n<p>Cr\u00e9ez votre compte professionnel d\u00e8s aujourd&rsquo;hui, et notre \u00e9quipe commerciale vous contactera rapidement pour vous pr\u00e9senter tous les b\u00e9n\u00e9fices que vous pouvez obtenir en travaillant avec Certinergie.<\/p>\n<p><strong>Rejoignez-nous et simplifiez la gestion de vos obligations l\u00e9gales !<\/strong><\/p>\n<\/div><\/section><\/p><\/div><div  class='flex_column av-34wias-3e46e153cc214f82e670fe621e4e8538 av_one_full  avia-builder-el-4  el_after_av_one_full  avia-builder-el-last  first flex_column_div  column-top-margin'     ><\/div><\/div><\/div><\/main><!-- close content main element --><\/div><\/div><div id='after_section_1'  class='main_color av_default_container_wrap container_wrap sidebar_right'  ><div class='container av-section-cont-open' ><div class='template-page content  av-content-small alpha units'><div class='post-entry post-entry-type-page post-entry-3700'><div class='entry-content-wrapper clearfix'>\n","protected":false},"excerpt":{"rendered":"","protected":false},"author":1,"featured_media":445,"parent":0,"menu_order":0,"comment_status":"closed","ping_status":"closed","template":"","meta":{"inline_featured_image":false,"footnotes":""},"class_list":["post-3700","page","type-page","status-publish","has-post-thumbnail","hentry"],"yoast_head":"<!-- This site is optimized with the Yoast SEO plugin v27.4 - https:\/\/yoast.com\/product\/yoast-seo-wordpress\/ -->\n<title>Cr\u00e9er un compte Pro - Certinergie - Entreprises et secteur public<\/title>\n<meta name=\"description\" content=\"Cr\u00e9er un compte chez Certinergie Pro pour b\u00e9n\u00e9ficier des meilleurs tarifs et des meilleurs d\u00e9lais pour vos contr\u00f4les l\u00e9gaux.\" \/>\n<meta name=\"robots\" content=\"index, follow, max-snippet:-1, max-image-preview:large, max-video-preview:-1\" \/>\n<link rel=\"canonical\" href=\"https:\/\/www.certinergie.be\/pro\/creez-votre-compte\/\" \/>\n<meta property=\"og:locale\" content=\"fr_FR\" \/>\n<meta property=\"og:type\" content=\"article\" \/>\n<meta property=\"og:title\" content=\"Cr\u00e9er un compte Pro - Certinergie - Entreprises et secteur public\" \/>\n<meta property=\"og:description\" content=\"Cr\u00e9er un compte chez Certinergie Pro pour b\u00e9n\u00e9ficier des meilleurs tarifs et des meilleurs d\u00e9lais pour vos contr\u00f4les l\u00e9gaux.\" \/>\n<meta property=\"og:url\" content=\"https:\/\/www.certinergie.be\/pro\/creez-votre-compte\/\" \/>\n<meta property=\"og:site_name\" content=\"Certinergie - Entreprises et secteur public\" \/>\n<meta property=\"article:modified_time\" content=\"2024-12-13T08:55:33+00:00\" \/>\n<meta property=\"og:image\" content=\"https:\/\/www.certinergie.be\/pro\/wp-content\/uploads\/sites\/3\/2020\/10\/high-voltage-tower-isolated-sky.jpg\" \/>\n\t<meta property=\"og:image:width\" content=\"1300\" \/>\n\t<meta property=\"og:image:height\" content=\"547\" \/>\n\t<meta property=\"og:image:type\" content=\"image\/jpeg\" \/>\n<meta name=\"twitter:card\" content=\"summary_large_image\" \/>\n<meta name=\"twitter:label1\" content=\"Dur\u00e9e de lecture estim\u00e9e\" \/>\n\t<meta name=\"twitter:data1\" content=\"1 minute\" \/>\n<script type=\"application\/ld+json\" class=\"yoast-schema-graph\">{\"@context\":\"https:\\\/\\\/schema.org\",\"@graph\":[{\"@type\":\"WebPage\",\"@id\":\"https:\\\/\\\/www.certinergie.be\\\/pro\\\/creez-votre-compte\\\/\",\"url\":\"https:\\\/\\\/www.certinergie.be\\\/pro\\\/creez-votre-compte\\\/\",\"name\":\"Cr\u00e9er un compte Pro - Certinergie - Entreprises et secteur public\",\"isPartOf\":{\"@id\":\"https:\\\/\\\/www.certinergie.be\\\/pro\\\/#website\"},\"primaryImageOfPage\":{\"@id\":\"https:\\\/\\\/www.certinergie.be\\\/pro\\\/creez-votre-compte\\\/#primaryimage\"},\"image\":{\"@id\":\"https:\\\/\\\/www.certinergie.be\\\/pro\\\/creez-votre-compte\\\/#primaryimage\"},\"thumbnailUrl\":\"https:\\\/\\\/www.certinergie.be\\\/pro\\\/wp-content\\\/uploads\\\/sites\\\/3\\\/2020\\\/10\\\/high-voltage-tower-isolated-sky.jpg\",\"datePublished\":\"2023-06-26T13:20:51+00:00\",\"dateModified\":\"2024-12-13T08:55:33+00:00\",\"description\":\"Cr\u00e9er un compte chez Certinergie Pro pour b\u00e9n\u00e9ficier des meilleurs tarifs et des meilleurs d\u00e9lais pour vos contr\u00f4les l\u00e9gaux.\",\"breadcrumb\":{\"@id\":\"https:\\\/\\\/www.certinergie.be\\\/pro\\\/creez-votre-compte\\\/#breadcrumb\"},\"inLanguage\":\"fr-FR\",\"potentialAction\":[{\"@type\":\"ReadAction\",\"target\":[\"https:\\\/\\\/www.certinergie.be\\\/pro\\\/creez-votre-compte\\\/\"]}]},{\"@type\":\"ImageObject\",\"inLanguage\":\"fr-FR\",\"@id\":\"https:\\\/\\\/www.certinergie.be\\\/pro\\\/creez-votre-compte\\\/#primaryimage\",\"url\":\"https:\\\/\\\/www.certinergie.be\\\/pro\\\/wp-content\\\/uploads\\\/sites\\\/3\\\/2020\\\/10\\\/high-voltage-tower-isolated-sky.jpg\",\"contentUrl\":\"https:\\\/\\\/www.certinergie.be\\\/pro\\\/wp-content\\\/uploads\\\/sites\\\/3\\\/2020\\\/10\\\/high-voltage-tower-isolated-sky.jpg\",\"width\":1300,\"height\":547,\"caption\":\"beCheck - Contr\u00f4le \u00e9lectrique et gaz au meilleurs prix\"},{\"@type\":\"BreadcrumbList\",\"@id\":\"https:\\\/\\\/www.certinergie.be\\\/pro\\\/creez-votre-compte\\\/#breadcrumb\",\"itemListElement\":[{\"@type\":\"ListItem\",\"position\":1,\"name\":\"Accueil\",\"item\":\"https:\\\/\\\/www.certinergie.be\\\/pro\\\/home\\\/\"},{\"@type\":\"ListItem\",\"position\":2,\"name\":\"Cr\u00e9ez votre compte\"}]},{\"@type\":\"WebSite\",\"@id\":\"https:\\\/\\\/www.certinergie.be\\\/pro\\\/#website\",\"url\":\"https:\\\/\\\/www.certinergie.be\\\/pro\\\/\",\"name\":\"Certinergie - Entreprises et secteur public\",\"description\":\"\",\"publisher\":{\"@id\":\"https:\\\/\\\/www.certinergie.be\\\/pro\\\/#organization\"},\"potentialAction\":[{\"@type\":\"SearchAction\",\"target\":{\"@type\":\"EntryPoint\",\"urlTemplate\":\"https:\\\/\\\/www.certinergie.be\\\/pro\\\/?s={search_term_string}\"},\"query-input\":{\"@type\":\"PropertyValueSpecification\",\"valueRequired\":true,\"valueName\":\"search_term_string\"}}],\"inLanguage\":\"fr-FR\"},{\"@type\":\"Organization\",\"@id\":\"https:\\\/\\\/www.certinergie.be\\\/pro\\\/#organization\",\"name\":\"Certinergie - Entreprises et secteur public\",\"url\":\"https:\\\/\\\/www.certinergie.be\\\/pro\\\/\",\"logo\":{\"@type\":\"ImageObject\",\"inLanguage\":\"fr-FR\",\"@id\":\"https:\\\/\\\/www.certinergie.be\\\/pro\\\/#\\\/schema\\\/logo\\\/image\\\/\",\"url\":\"https:\\\/\\\/www.certinergie.be\\\/pro\\\/wp-content\\\/uploads\\\/sites\\\/3\\\/2024\\\/10\\\/certinergie-pro-1.png\",\"contentUrl\":\"https:\\\/\\\/www.certinergie.be\\\/pro\\\/wp-content\\\/uploads\\\/sites\\\/3\\\/2024\\\/10\\\/certinergie-pro-1.png\",\"width\":170,\"height\":53,\"caption\":\"Certinergie - Entreprises et secteur public\"},\"image\":{\"@id\":\"https:\\\/\\\/www.certinergie.be\\\/pro\\\/#\\\/schema\\\/logo\\\/image\\\/\"}}]}<\/script>\n<!-- \/ Yoast SEO plugin. -->","yoast_head_json":{"title":"Cr\u00e9er un compte Pro - Certinergie - Entreprises et secteur public","description":"Cr\u00e9er un compte chez Certinergie Pro pour b\u00e9n\u00e9ficier des meilleurs tarifs et des meilleurs d\u00e9lais pour vos contr\u00f4les l\u00e9gaux.","robots":{"index":"index","follow":"follow","max-snippet":"max-snippet:-1","max-image-preview":"max-image-preview:large","max-video-preview":"max-video-preview:-1"},"canonical":"https:\/\/www.certinergie.be\/pro\/creez-votre-compte\/","og_locale":"fr_FR","og_type":"article","og_title":"Cr\u00e9er un compte Pro - Certinergie - Entreprises et secteur public","og_description":"Cr\u00e9er un compte chez Certinergie Pro pour b\u00e9n\u00e9ficier des meilleurs tarifs et des meilleurs d\u00e9lais pour vos contr\u00f4les l\u00e9gaux.","og_url":"https:\/\/www.certinergie.be\/pro\/creez-votre-compte\/","og_site_name":"Certinergie - Entreprises et secteur public","article_modified_time":"2024-12-13T08:55:33+00:00","og_image":[{"width":1300,"height":547,"url":"https:\/\/www.certinergie.be\/pro\/wp-content\/uploads\/sites\/3\/2020\/10\/high-voltage-tower-isolated-sky.jpg","type":"image\/jpeg"}],"twitter_card":"summary_large_image","twitter_misc":{"Dur\u00e9e de lecture estim\u00e9e":"1 minute"},"schema":{"@context":"https:\/\/schema.org","@graph":[{"@type":"WebPage","@id":"https:\/\/www.certinergie.be\/pro\/creez-votre-compte\/","url":"https:\/\/www.certinergie.be\/pro\/creez-votre-compte\/","name":"Cr\u00e9er un compte Pro - Certinergie - Entreprises et secteur public","isPartOf":{"@id":"https:\/\/www.certinergie.be\/pro\/#website"},"primaryImageOfPage":{"@id":"https:\/\/www.certinergie.be\/pro\/creez-votre-compte\/#primaryimage"},"image":{"@id":"https:\/\/www.certinergie.be\/pro\/creez-votre-compte\/#primaryimage"},"thumbnailUrl":"https:\/\/www.certinergie.be\/pro\/wp-content\/uploads\/sites\/3\/2020\/10\/high-voltage-tower-isolated-sky.jpg","datePublished":"2023-06-26T13:20:51+00:00","dateModified":"2024-12-13T08:55:33+00:00","description":"Cr\u00e9er un compte chez Certinergie Pro pour b\u00e9n\u00e9ficier des meilleurs tarifs et des meilleurs d\u00e9lais pour vos contr\u00f4les l\u00e9gaux.","breadcrumb":{"@id":"https:\/\/www.certinergie.be\/pro\/creez-votre-compte\/#breadcrumb"},"inLanguage":"fr-FR","potentialAction":[{"@type":"ReadAction","target":["https:\/\/www.certinergie.be\/pro\/creez-votre-compte\/"]}]},{"@type":"ImageObject","inLanguage":"fr-FR","@id":"https:\/\/www.certinergie.be\/pro\/creez-votre-compte\/#primaryimage","url":"https:\/\/www.certinergie.be\/pro\/wp-content\/uploads\/sites\/3\/2020\/10\/high-voltage-tower-isolated-sky.jpg","contentUrl":"https:\/\/www.certinergie.be\/pro\/wp-content\/uploads\/sites\/3\/2020\/10\/high-voltage-tower-isolated-sky.jpg","width":1300,"height":547,"caption":"beCheck - Contr\u00f4le \u00e9lectrique et gaz au meilleurs prix"},{"@type":"BreadcrumbList","@id":"https:\/\/www.certinergie.be\/pro\/creez-votre-compte\/#breadcrumb","itemListElement":[{"@type":"ListItem","position":1,"name":"Accueil","item":"https:\/\/www.certinergie.be\/pro\/home\/"},{"@type":"ListItem","position":2,"name":"Cr\u00e9ez votre compte"}]},{"@type":"WebSite","@id":"https:\/\/www.certinergie.be\/pro\/#website","url":"https:\/\/www.certinergie.be\/pro\/","name":"Certinergie - Entreprises et secteur public","description":"","publisher":{"@id":"https:\/\/www.certinergie.be\/pro\/#organization"},"potentialAction":[{"@type":"SearchAction","target":{"@type":"EntryPoint","urlTemplate":"https:\/\/www.certinergie.be\/pro\/?s={search_term_string}"},"query-input":{"@type":"PropertyValueSpecification","valueRequired":true,"valueName":"search_term_string"}}],"inLanguage":"fr-FR"},{"@type":"Organization","@id":"https:\/\/www.certinergie.be\/pro\/#organization","name":"Certinergie - Entreprises et secteur public","url":"https:\/\/www.certinergie.be\/pro\/","logo":{"@type":"ImageObject","inLanguage":"fr-FR","@id":"https:\/\/www.certinergie.be\/pro\/#\/schema\/logo\/image\/","url":"https:\/\/www.certinergie.be\/pro\/wp-content\/uploads\/sites\/3\/2024\/10\/certinergie-pro-1.png","contentUrl":"https:\/\/www.certinergie.be\/pro\/wp-content\/uploads\/sites\/3\/2024\/10\/certinergie-pro-1.png","width":170,"height":53,"caption":"Certinergie - Entreprises et secteur public"},"image":{"@id":"https:\/\/www.certinergie.be\/pro\/#\/schema\/logo\/image\/"}}]}},"_links":{"self":[{"href":"https:\/\/www.certinergie.be\/pro\/wp-json\/wp\/v2\/pages\/3700","targetHints":{"allow":["GET"]}}],"collection":[{"href":"https:\/\/www.certinergie.be\/pro\/wp-json\/wp\/v2\/pages"}],"about":[{"href":"https:\/\/www.certinergie.be\/pro\/wp-json\/wp\/v2\/types\/page"}],"author":[{"embeddable":true,"href":"https:\/\/www.certinergie.be\/pro\/wp-json\/wp\/v2\/users\/1"}],"replies":[{"embeddable":true,"href":"https:\/\/www.certinergie.be\/pro\/wp-json\/wp\/v2\/comments?post=3700"}],"version-history":[{"count":6,"href":"https:\/\/www.certinergie.be\/pro\/wp-json\/wp\/v2\/pages\/3700\/revisions"}],"predecessor-version":[{"id":6510,"href":"https:\/\/www.certinergie.be\/pro\/wp-json\/wp\/v2\/pages\/3700\/revisions\/6510"}],"wp:featuredmedia":[{"embeddable":true,"href":"https:\/\/www.certinergie.be\/pro\/wp-json\/wp\/v2\/media\/445"}],"wp:attachment":[{"href":"https:\/\/www.certinergie.be\/pro\/wp-json\/wp\/v2\/media?parent=3700"}],"curies":[{"name":"wp","href":"https:\/\/api.w.org\/{rel}","templated":true}]}}